1
What is -30210313220 (base 4) in base 8?
-14446750
Convert -14693 (base 15) to base 8.
-200115
What is 2403434412 (base 5) in base 6?
314312355
Convert -102142420 (base 6) to base 12.
-721a10
-10010100001100100100 (base 2) to base 4
-2110030210
Convert -1011101110001111001 (base 2) to base 15.
-78c31
-2b785 (base 12) to base 8
-170225
Convert 212020100010 (base 3) to base 13.
130212
What is 111392 (base 10) in base 7?
642521
What is -143046 (base 9) in base 12?
-42796
Convert -5202227 (base 8) to base 7.
-14464556
-23434312 (base 5) to base 9
-362133
Convert 114404140 (base 6) to base 16.
213c9c
Convert -14324012 (base 5) to base 2.
-100101000011001101
Convert -117948 (base 10) to base 7.
-1000605
Convert 847605 (base 9) to base 12.
203972
10410133303 (base 5) to base 9
23422820
131210032 (base 4) to base 8
354416
Convert -102011201201 (base 3) to base 15.
-45291
What is -27b6d (base 14) in base 10?
-98293
What is -1a03 (base 13) in base 10?
-3890
1301512 (base 8) to base 7
3033216
Convert 13032012 (base 4) to base 13.
105cc
79357 (base 11) to base 6
2243523
Convert -596695 (base 16) to base 13.
-12a1a58
100012211111101 (base 3) to base 10
4897783
-106312517 (base 8) to base 15
-1947c0e
Convert -18786385 (base 9) to base 4.
-210100203332
6446183 (base 9) to base 11
1a5028a
What is -602c (base 13) in base 2?
-11001110100100
2333221013 (base 4) to base 3
1110212202212
Convert -400534 (base 6) to base 14.
-b5a2
Convert 514302 (base 10) to base 12.
209766
-99509 (base 11) to base 13
-5092a
-30231 (base 16) to base 2
-110000001000110001
Convert -10222200201220 (base 3) to base 5.
-1020312430
What is 41f582 (base 16) in base 13?
b84708
What is 123422411 (base 5) in base 8?
2243160
What is -18dcdb (base 14) in base 11?
-553763
-5ac17 (base 13) to base 7
-1263236
10302040033 (base 5) to base 9
22571667
-428820 (base 14) to base 9
-4211642
What is 5b2a1a0 (base 12) in base 9?
36316553
What is -18be5 (base 15) in base 7?
-453104
Convert 80834 (base 12) to base 2.
101000110010101000
Convert 8642541 (base 9) to base 8.
21532556
What is -391286 (base 13) in base 5?
-322423243
Convert 7b98 (base 12) to base 10.
13796
Convert -363762 (base 11) to base 16.
-8c9a3
202202313 (base 4) to base 10
141495
Convert 120200254 (base 6) to base 14.
429bbc
237125 (base 9) to base 12
6a8b8
-102578 (base 10) to base 9
-165635
-1520401 (base 6) to base 14
-24253
What is -4703f7 (base 16) in base 8?
-21601767
What is -2871474 (base 9) in base 3?
-2222101112111
-100011202121121 (base 3) to base 11
-2830a60
-1714753 (base 14) to base 7
-165301133
What is 22bfa (base 16) in base 9?
236214
What is -10314324 (base 8) in base 4?
-20121203110
What is -1089f (base 16) in base 8?
-204237
What is 7427363 (base 8) in base 6?
110221511
What is 320a0 (base 11) in base 3?
2101001110
Convert -22903f (base 16) to base 15.
-2eb251
-120020313 (base 6) to base 10
-2242197
Convert -10101111111110001011011 (base 2) to base 3.
-101211221210021
Convert -1332143432 (base 5) to base 14.
-645c46
What is 105127 (base 10) in base 9?
170177
What is 20010011121 (base 3) in base 2?
11101011001011001
Convert -23252734 (base 9) to base 2.
-101011001010000001000100
What is 124633 (base 7) in base 10?
23299
What is -2734224 (base 8) in base 9?
-1400627
What is 6610124 (base 7) in base 14?
170c84
23123024 (base 5) to base 4
302300101
What is -35311204 (base 6) in base 12?
-44b504
What is 37285c (base 14) in base 7?
22026545
What is -2121012100002 (base 3) in base 10?
-1381700
What is 3204241 (base 6) in base 9?
257577
8427031 (base 11) to base 13
3101844
Convert -1500773 (base 11) to base 10.
-2577743
132b62 (base 12) to base 5
40104104
What is 457542 (base 9) in base 7?
2222300
What is -457b5 (base 15) in base 9?
-366278
Convert 47026b (base 12) to base 7.
12461045
2454042 (base 6) to base 10
131786
Convert -1001001011111010110 (base 2) to base 14.
-7b9b0
What is 22020406 (base 7) in base 4?
13030302130
Convert -6819 (base 16) to base 6.
-323213
225242021 (base 6) to base 3
21212001001111
What is -111001001101111001 (base 2) in base 10?
-234361
Convert -10112000 (base 5) to base 15.
-19500
1111101111010000 (base 2) to base 3
10021102120
What is 1001011100001010101 (base 2) in base 11?
1a1452
-1434433024 (base 5) to base 9
-7173015
What is 3331223 (base 5) in base 4?
32033021
1a204 (base 13) to base 7
301214
What is 4340131 (base 5) in base 10?
74416
Convert 2c1d33 (base 14) to base 4.
11320131121
-66603 (base 10) to base 2
-10000010000101011
1c66b9 (base 14) to base 16
f832b
1eec23 (base 16) to base 15
2a06c1
Convert -2157421 (base 9) to base 13.
-3180ca
Convert d4715 (base 14) to base 6.
14545155
3100111 (base 4) to base 5
411313
-1010100101110000 (base 2) to base 7
-240314
What is -badb0 (base 14) in base 8?
-1564156
What is -2624824 (base 9) in base 2?
-101011110000100011100
-11221100220 (base 3) to base 16
-17bc8
What is 12101222112 (base 3) in base 12?
51705
Convert -398281a (base 11) to base 5.
-3230304141
What is 255a4 (base 15) in base 11?
8178a
11500 (base 13) to base 8
75563
What is -922633 (base 11) in base 15?
-1e4260
What is -95678 (base 10) in base 13?
-3471b
Convert 11655712 (base 10) to base 9.
23834561
7020374 (base 8) to base 7
21445332
Convert -2556b91 (base 13) to base 10.
-11668047
Convert 464465 (base 7) to base 8.
242461
What is -83d34 (base 14) in base 7?
-2463364
-1200421223 (base 5) to base 14
-517801
Convert 12df55 (base 16) to base 3.
2022211121012
Convert 1121211011120 (base 3) to base 12.
357196
What is -784245 (base 9) in base 8?
-1623726
aa11a (base 12) to base 16
36e26
1212110100110 (base 3) to base 9
1773313
-6a5f1f (base 16) to base 2
-11010100101111100011111
-134635 (base 15) to base 7
-10605101
Convert 6f2a4f (base 16) to base 13.
168105a
-1044a91 (base 11) to base 4
-13000123113
Convert 294127 (base 14) to base 9.
2623136
43464 (base 10) to base 9
65553
Convert 1153022 (base 7) to base 9.
244305
Convert 1161646 (base 7) to base 13.
530a7
What is 125a4c (base 13) in base 11?
28149a
Convert 2351176 (base 8) to base 9.
1181003
What is -41c84 (base 13) in base 10?
-118577
26629 (base 10) to base 15
7d54
-836cc (base 13) to base 12
-b4885
What is 227461 (base 9) in base 4?
201113332
What is 223014401 (base 5) in base 9?
1761882
-73727 (base 9) to base 7
-262000
1322022333 (base 4) to base 14
d051d
10321202111 (base 4) to base 16
139895
-3411322 (base 7) to base 6
-13022414
-41515303 (base 6) to base 4
-10212313113
-16876a (base 11) to base 4
-333211310
Convert 54737 (base 14) to base 12.
9a3b9
What is -4718337 (base 9) in base 3?
-11210122101021
Convert 102473 (base 8) to base 13.
126a8
Convert -118687 (base 10) to base 14.
-31379
Convert 651734 (base 8) to base 14.
5968c
What is -473731 (base 9) in base 11?
-185065
What is 9c8141 (base 14) in base 7?
63151511
What is 5f8fd (base 16) in base 9?
655832
1000111111011110 (base 2) to base 4
20333132
Convert -5102620 (base 9) to base 10.
-2718216
What is -10560656 (base 7) in base 11?
-57aa52
What is 2015014 (base 8) in base 12?
217324
What is -1476b2 (base 15) in base 2?
-11110000111110001001
Convert -745505 (base 8) to base 15.
-4da15
What is 85b5c (base 16) in base 10?
547676
4735187 (base 11) to base 9
16485551
Convert -2234300 (base 7) to base 3.
-112002211202
Convert -22012222221 (base 3) to base 15.
-32e41
What is -13175071 (base 8) in base 13?
-7c2888
What is -1b64fe (base 16) in base 5?
-424422301
21110001112 (base 3) to base 14
3b5b4
What is -133230120 (base 4) in base 14?
-35448
57816 (base 9) to base 10
38571
-7432a (base 12) to base 3
-21202020021
Convert 29485 (base 14) to base 12.
4b339
What is 1016262 (base 7) in base 2?
11101110110001010
Convert 10110000010101011111000 (base 2) to base 6.
323502440
Convert -559711 (base 10) to base 13.
-1679b9
Convert 30302003 (base 5) to base 10.
244003
-106d23 (base 16) to base 5
-233422030
-1000110111001011000100 (base 2) to base 8
-10671304
b132b (base 14) to base 6
13043551
Convert 10131140 (base 5) to base 6.
1441343
1123756 (base 9) to base 5
123401132
What is -4326312 (base 8) in base 5?
-244031341
Convert 1125543002 (base 6) to base 16.
c02fea
What is -1100001010010110 (base 2) in base 3?
-2112022222
What is 6682 (base 14) in base 10?
17754
What is 221111213 (base 4